{"id":237,"date":"2014-01-27T21:42:23","date_gmt":"2014-01-27T19:42:23","guid":{"rendered":"http:\/\/www.klappertopf.at\/?page_id=237"},"modified":"2025-05-19T09:55:46","modified_gmt":"2025-05-19T07:55:46","slug":"04-faqs","status":"publish","type":"page","link":"https:\/\/www.klappertopf.at\/?page_id=237","title":{"rendered":"FAQ"},"content":{"rendered":"<p><b style=\"line-height: 1.714285714; font-size: 1rem;\"><i>Was ist der Klappertopf?<\/i><\/b><\/p>\n<p>Der Klappertopf ist eine Lebensmittelkooperative (Foodcoop). Wir beziehen in Eigenorganisation \u00f6kologisch erzeugte Produkte direkt von lokalen B\u00e4uerinnen und Bauern. Hier erf\u00e4hrst Du mehr <a title=\"\u00dcber uns\" href=\"http:\/\/www.klappertopf.at\/?page_id=199\">\u00fcber uns<\/a>\u00a0und unsere <a title=\"Unsere Aktivit\u00e4ten\" href=\"http:\/\/www.klappertopf.at\/?page_id=205\">Aktivit\u00e4ten<\/a>.<br \/>\nMehr \u00fcber Foodcoops erf\u00e4hrst Du <a title=\"www.foodcoops.at\" href=\"http:\/\/www.foodcoops.at\" target=\"_blank\" rel=\"noopener\">hier<\/a><\/p>\n<p><b><i>Was ist eine Foodcoop?<br \/>\n<\/i><\/b>Eine Foodcoop ist eine Einkaufsgemeinschaft, die \u00f6kologisch erzeugte Produkte direkt von lokalen B\u00e4uerinnen und Bauern bezieht. Der Hintergedanke ist, kleinb\u00e4uerliche Strukturen zu f\u00f6rdern, faire Preise zu zahlen, die gro\u00dfen Zwischenh\u00e4ndler auszuschalten, selbst Verantwortung zu \u00fcbernehmen uvm.<br \/>\nMehr Infos findest Du\u00a0<a title=\"www.foodcoops.at\" href=\"http:\/\/www.foodcoops.at\" target=\"_blank\" rel=\"noopener\">hier<\/a><\/p>\n<p><b><i>Nehmt Ihr noch Mitglieder auf?<br \/>\n<\/i><\/b>Ja, wir sind aktuell auf der Suche nach neuen Mitgliedern, die sich aktiv im Klappertopf einbringen. Komm am besten einfach zum n\u00e4chsten Infoabend oder melde dich unter <a href=\"&#109;&#x61;&#x69;&#108;&#x74;&#x6f;:&#x66;&#x6f;o&#100;&#x63;o&#111;&#x70;1&#48;&#x33;0&#64;&#x67;m&#97;&#x69;&#x6c;&#46;&#x63;&#x6f;&#109;\">&#x66;&#x6f;&#x6f;&#x64;&#x63;&#x6f;&#x6f;&#x70;&#x31;&#x30;&#x33;&#x30;&#x40;&#x67;&#x6d;&#x61;&#x69;&#x6c;&#x2e;&#x63;&#x6f;&#x6d;<\/a>.<\/p>\n<p><b><i>Was macht denn ein Mitglied so?<br \/>\n<\/i><\/b>Als Mitglied kannst Du Dich auf unterschiedlichste Art und Weise beim Klappertopf einbringen: Willst Du Deine Muskeln spielen lassen? Dann hilf mit beim Lagerdienst. Bist Du ein Computerfreak? Dann bastle an unserer Website und unserem Wiki herum! Schreibst Du Romane? Dann mach \u00d6ffentlichkeitsarbeit f\u00fcr den Klappertopf! Liebst Du Zahlen? Dann vertiefe Dich in unsere Buchhaltung!<\/p>\n<p><b><i>Welche Produkte bestellt ihr und wo?<br \/>\n<\/i><\/b>Wir bem\u00fchen uns um eine m\u00f6glichst breite Produktpalette. Dazu geh\u00f6ren Obst, Gem\u00fcse, Wein, Brot, S\u00e4fte und vieles mehr. Wichtig ist uns, dass es sich bei den ProduzentInnen um kleine Betriebe mit biologischer Landwirtschaft handelt, die sich in der N\u00e4he zu Wien befinden.<br \/>\nLinks zu unseren ProduzentInnen findest Du <a title=\"Produzent*innen\" href=\"http:\/\/www.klappertopf.at\/?page_id=457\">hier<\/a><\/p>\n<p><b><i>Wie funktioniert das Bestellen?<br \/>\n<\/i><\/b><span style=\"line-height: 1.714285714; font-size: 1rem;\">Unsere Mitglieder k\u00f6nnen direkt \u00fcber eine Online-Eingabemaske Produkte ausw\u00e4hlen und bestellen. Unsere ProduzentInnen liefern die bestellten Produkte dann in unser Lager. Zu bestimmten Zeiten kann sich dann jede(r) die bestellten Lebensmittel vom Lager abholen. Die Bezahlung erfolgt im Vorhinein \u00fcber ein \u201eGuthaben\u201c, das die Mitglieder auf das Vereinskonto \u00fcberweisen. Neigt sich das Guthaben dem Ende zu, \u00fcberweist man wieder Geld aufs Konto f\u00fcr die n\u00e4chsten Bestellungen.<\/span><\/p>\n<p><em><b>Sind die Lebensmittel in der Foodcoop billiger als &#8222;Bio&#8220; im Supermarkt?<\/b><\/em><br \/>\nDarauf l\u00e4sst sich keine allgemeine Antwort geben. Abh\u00e4ngig vom Produkt oder von den ProduzentInnen kann ein Lebensmittel billiger &#8211; oder teurer &#8211; sein als ein vergleichbares Bio-Produkt im Supermarkt. Prinzipiell geht es uns nicht um den billigsten Preis, sondern um ein gutes Produkt von nachhaltig produzierenden B\u00e4uerInnen. Wer als oberstes Ziel hat, m\u00f6glichst g\u00fcnstige Bio-Lebensmitteln zu bekommen, ist bei unserer Foodcoop an der falschen Stelle.<\/p>\n<p><b><i>Wo ist das Vereinslokal (\u201eLager\u201c)?<br \/>\n<\/i><\/b>Unser Lager befindet sich im Gemeindebau Rabenhof im 3. Bezirk (Landstra\u00dfe), <a href=\"https:\/\/goo.gl\/maps\/1id5D\" target=\"_blank\" rel=\"noopener\">Rabengasse 2-10, Stiege 60<\/a>.<\/p>\n<p><b style=\"line-height: 1.714285714; font-size: 1rem;\"><i>Wie kann man Euch kontaktieren?<br \/>\n<\/i><\/b>Schreibe uns ein E-Mail an <a href=\"&#x6d;&#97;i&#x6c;&#x74;&#111;:&#x66;&#x6f;&#111;d&#x63;&#111;o&#x70;&#x31;&#48;3&#x30;&#x40;&#103;m&#x61;&#105;&#108;&#x2e;&#x63;&#111;m\">&#102;&#x6f;&#111;&#x64;&#99;&#x6f;o&#x70;1&#48;&#x33;&#48;&#x40;&#103;&#x6d;a&#x69;l&#46;&#x63;&#111;&#x6d;<\/a><\/p>\n","protected":false},"excerpt":{"rendered":"<p>Was ist der Klappertopf? Der Klappertopf ist eine Lebensmittelkooperative (Foodcoop). Wir beziehen in Eigenorganisation \u00f6kologisch erzeugte Produkte direkt von lokalen B\u00e4uerinnen und Bauern. Hier erf\u00e4hrst Du mehr \u00fcber uns\u00a0und unsere Aktivit\u00e4ten. Mehr \u00fcber Foodcoops erf\u00e4hrst Du hier Was ist eine Foodcoop? Eine Foodcoop ist eine Einkaufsgemeinschaft, die \u00f6kologisch erzeugte Produkte direkt von lokalen B\u00e4uerinnen und [&hellip;]<\/p>\n","protected":false},"author":2,"featured_media":0,"parent":0,"menu_order":4,"comment_status":"closed","ping_status":"closed","template":"","meta":{"footnotes":""},"class_list":["post-237","page","type-page","status-publish","hentry"],"_links":{"self":[{"href":"https:\/\/www.klappertopf.at\/index.php?rest_route=\/wp\/v2\/pages\/237","targetHints":{"allow":["GET"]}}],"collection":[{"href":"https:\/\/www.klappertopf.at\/index.php?rest_route=\/wp\/v2\/pages"}],"about":[{"href":"https:\/\/www.klappertopf.at\/index.php?rest_route=\/wp\/v2\/types\/page"}],"author":[{"embeddable":true,"href":"https:\/\/www.klappertopf.at\/index.php?rest_route=\/wp\/v2\/users\/2"}],"replies":[{"embeddable":true,"href":"https:\/\/www.klappertopf.at\/index.php?rest_route=%2Fwp%2Fv2%2Fcomments&post=237"}],"version-history":[{"count":26,"href":"https:\/\/www.klappertopf.at\/index.php?rest_route=\/wp\/v2\/pages\/237\/revisions"}],"predecessor-version":[{"id":767,"href":"https:\/\/www.klappertopf.at\/index.php?rest_route=\/wp\/v2\/pages\/237\/revisions\/767"}],"wp:attachment":[{"href":"https:\/\/www.klappertopf.at\/index.php?rest_route=%2Fwp%2Fv2%2Fmedia&parent=237"}],"curies":[{"name":"wp","href":"https:\/\/api.w.org\/{rel}","templated":true}]}}