{"id":239,"date":"2014-01-27T21:42:23","date_gmt":"2014-01-27T19:42:23","guid":{"rendered":"http:\/\/www.klappertopf.at\/?page_id=239"},"modified":"2018-10-24T10:21:16","modified_gmt":"2018-10-24T08:21:16","slug":"links","status":"publish","type":"page","link":"https:\/\/www.klappertopf.at\/?page_id=239","title":{"rendered":"Links"},"content":{"rendered":"<h1>FoodCoops<\/h1>\n<p><a href=\"http:\/\/foodcoops.at\" target=\"_blank\" rel=\"noopener\">FoodCoops.at<\/a><\/p>\n<p><strong>Wien<\/strong><\/p>\n<ul>\n<li><a title=\"1020 Wien\" href=\"http:\/\/www.moehrengasse.at\/\" target=\"blank\">M\u00f6hrengasse<\/a> 1020 Wien<\/li>\n<li><a title=\"1040 Wien\" href=\"http:\/\/foodcoop1040.at\" target=\"blank\">Vorratskammer<\/a> 1040 Wien<\/li>\n<li><a title=\"1060 wien\" href=\"http:\/\/foodcoops.at\/?p=522\" target=\"blank\">Pumpkin<\/a> 1060 wien<\/li>\n<li><a title=\"1070 Wien\" href=\"http:\/\/www.nusscoop.org\" target=\"blank\">NUSS Coop<\/a> 1070 Wien<\/li>\n<li><a title=\"1090 Wien\" href=\"https:\/\/foodcoops.at\/2015\/11\/30\/kukuruz-2\/\" target=\"blank\">Kukuruz<\/a> 1090 Wien<\/li>\n<li><a title=\"1100 Wien\" href=\"http:\/\/www.foodx.at\" target=\"blank\">FoodX<\/a> 1100 Wien<\/li>\n<li><a title=\"1120 Wien\" href=\"http:\/\/foodcoops.at\/?p=631\" target=\"blank\">L\u00f6wenzahn<\/a> 1120 Wien<\/li>\n<li><a title=\"1140 Wien\" href=\"http:\/\/foodcoops.at\/?p=322\" target=\"blank\">Fresskorb<\/a> 1140 Wien<\/li>\n<li><a title=\"1150 Wien\" href=\"http:\/\/www.allmunde.org\" target=\"blank\">Allmunde<\/a> 1150 Wien<\/li>\n<li><a title=\"1150 Wien\" href=\"http:\/\/www.speis.org\" target=\"blank\">D&#8217;Speis<\/a> 1150 Wien<\/li>\n<li><a title=\"1150 Wien\" href=\"http:\/\/www.veganfoodcoop.at\/\" target=\"blank\">vegan food coop<\/a> 1150 Wien<\/li>\n<li><a title=\"1160 Wien\" href=\"http:\/\/1korn.at\/wordpress\/\" target=\"blank\" rel=\"noopener\">1korn<\/a> 1160 Wien<\/li>\n<li><a title=\"1170 Wien\" href=\"http:\/\/radieschenbund.at\" target=\"blank\">Radieschenbund<\/a> 1170 Wien<\/li>\n<li><a title=\"1170 Wien\" href=\"http:\/\/foodcoops.at\/?p=635\" target=\"blank\">R\u00fcbezahl17<\/a> 1170 Wien<\/li>\n<li><a title=\"1180 Wien\" href=\"http:\/\/www.bioparadeis.org\" target=\"blank\" rel=\"noopener\">Bioparadeis<\/a> 1180 Wien<\/li>\n<li><a title=\"1190 Wien\" href=\"http:\/\/foodcoop.boku.ac.at\/\" target=\"blank\">Boku-Foodcoop<\/a> 1190 Wien<\/li>\n<li><a title=\"1200 Wien\" href=\"http:\/\/foodcoops.at\/?p=447\" target=\"blank\">Naschkastl 2.0<\/a> 1200 Wien<\/li>\n<\/ul>\n<p>&nbsp;<\/p>\n<p>&nbsp;<\/p>\n<p><strong>Bundesl\u00e4nder<\/strong><\/p>\n<ul>\n<li><a title=\"2122 Ulrichskirchen\" href=\"http:\/\/www.fuermi.at\" target=\"blank\">F\u00fcrMi<\/a> 2122 Ulrichskirchen<\/li>\n<li><a title=\"3021 Pressbaum\" href=\"http:\/\/foodcoops.at\/?p=660\" target=\"blank\">prESSBAUM<\/a> 3021 Pressbaum<\/li>\n<li><a title=\"3034 Maria Anzbach\" href=\"http:\/\/speiselokal.org\" target=\"blank\" rel=\"noopener\">Speiselokal<\/a> 3034 Maria Anzbach<\/li>\n<li><a title=\"3423 St.Andr\u00e4\/W\u00f6rdern\" href=\"http:\/\/www.marktplatz-staw.at\" target=\"blank\">Marktplatz STAW<\/a> 3423 St.Andr\u00e4\/W\u00f6rdern<\/li>\n<li><a title=\"3910 Zwettl\" href=\"http:\/\/foodcoops.at\/?p=649\" target=\"blank\">Hoko Ido<\/a> 3910 Zwettl<\/li>\n<li><a title=\"4020 Linz\" href=\"http:\/\/foodcoops.at\/?p=527\" target=\"blank\">Einkaufsgemeinschaft Linz<\/a> 4020 Linz<\/li>\n<li><a title=\"4522 Sierning\" href=\"http:\/\/foodcoops.at\/?p=627\" target=\"blank\">Hofdepot<\/a> 4522 Sierning<\/li>\n<li><a title=\"4560 Kirchdorf a.d. Krems\" href=\"http:\/\/www.gueterwege.at\" target=\"blank\">G\u00fcterwege<\/a> 4560 Kirchdorf a.d. Krems<\/li>\n<li><a title=\"4644 Scharnstein\" href=\"http:\/\/www.fairteiler-scharnstein.at\" target=\"blank\">Fairteiler<\/a> 4644 Scharnstein<\/li>\n<li><a title=\"4655 Vorchdorf\" href=\"http:\/\/speisvorchdorf.wordpress.com\/\" target=\"blank\">Speis<\/a> 4655 Vorchdorf<\/li>\n<li><a title=\"5020 Salzburg\" href=\"http:\/\/bonaudelta.wordpress.com\/\" target=\"blank\">Bonaudelta<\/a> 5020 Salzburg<\/li>\n<li><a title=\"5020 Salzburg\" href=\"http:\/\/salzkoerndl.org\/\" target=\"blank\" rel=\"noopener\">Salzk\u00f6rndl<\/a> 5020 Salzburg<\/li>\n<li><a title=\"Innsbruck\" href=\"http:\/\/foodcoops.at\/?p=690\" target=\"blank\">Kooperation zum Fruchtgenuss<\/a> Innsbruck<\/li>\n<li><a title=\"8010 Graz\" href=\"http:\/\/www.krautkoopf.at\" target=\"blank\">KrautKOOPf<\/a> 8010 Graz<\/li>\n<li><a title=\"8293 W\u00f6rterberg\" href=\"http:\/\/www.kitting.at\" target=\"blank\">Kitting<\/a> 8293 W\u00f6rterberg<\/li>\n<li><a title=\"8452 Gro\u00dfklein\" href=\"http:\/\/foodcoops.at\/?p=619\" target=\"blank\">Gro\u00dfklein<\/a> 8452 Gro\u00dfklein<\/li>\n<li><a title=\"8530 Deutschlandsberg\" href=\"http:\/\/www.lkdl.at\" target=\"blank\">Deutschlandsberg<\/a> 8530 Deutschlandsberg<\/li>\n<\/ul>\n<p>&nbsp;<\/p>\n<h1>Intern<\/h1>\n<ul>\n<li><a href=\"http:\/\/wiki.klappertopf.at\" target=\"_blank\" rel=\"noopener\">Wiki<\/a>\u00a0(wiki.klappertopf.at)<\/li>\n<li><a href=\"http:\/\/foodsoft.klappertopf.at\/\" target=\"_blank\" rel=\"noopener\">Bestellsoftware<\/a>\u00a0(foodsoft.klappertopf.at)<\/li>\n<\/ul>\n<p>&nbsp;<\/p>\n<p>Haftungsausschluss:<br \/>\nWir distanzieren uns ausdr\u00fccklich von allen verlinkten Internetseiten, die auf Seiten au\u00dferhalb unserer Website f\u00fchren, da wir auf deren Gestaltung, Inhalt, Korrektheit und Best\u00e4ndigkeit keinerlei Einfluss haben.<\/p>\n","protected":false},"excerpt":{"rendered":"<p>FoodCoops FoodCoops.at Wien M\u00f6hrengasse 1020 Wien Vorratskammer 1040 Wien Pumpkin 1060 wien NUSS Coop 1070 Wien Kukuruz 1090 Wien FoodX 1100 Wien L\u00f6wenzahn 1120 Wien Fresskorb 1140 Wien Allmunde 1150 Wien D&#8217;Speis 1150 Wien vegan food coop 1150 Wien 1korn 1160 Wien Radieschenbund 1170 Wien R\u00fcbezahl17 1170 Wien Bioparadeis 1180 Wien Boku-Foodcoop 1190 Wien Naschkastl [&hellip;]<\/p>\n","protected":false},"author":2,"featured_media":0,"parent":0,"menu_order":6,"comment_status":"closed","ping_status":"closed","template":"","meta":{"footnotes":""},"class_list":["post-239","page","type-page","status-publish","hentry"],"_links":{"self":[{"href":"https:\/\/www.klappertopf.at\/index.php?rest_route=\/wp\/v2\/pages\/239","targetHints":{"allow":["GET"]}}],"collection":[{"href":"https:\/\/www.klappertopf.at\/index.php?rest_route=\/wp\/v2\/pages"}],"about":[{"href":"https:\/\/www.klappertopf.at\/index.php?rest_route=\/wp\/v2\/types\/page"}],"author":[{"embeddable":true,"href":"https:\/\/www.klappertopf.at\/index.php?rest_route=\/wp\/v2\/users\/2"}],"replies":[{"embeddable":true,"href":"https:\/\/www.klappertopf.at\/index.php?rest_route=%2Fwp%2Fv2%2Fcomments&post=239"}],"version-history":[{"count":21,"href":"https:\/\/www.klappertopf.at\/index.php?rest_route=\/wp\/v2\/pages\/239\/revisions"}],"predecessor-version":[{"id":614,"href":"https:\/\/www.klappertopf.at\/index.php?rest_route=\/wp\/v2\/pages\/239\/revisions\/614"}],"wp:attachment":[{"href":"https:\/\/www.klappertopf.at\/index.php?rest_route=%2Fwp%2Fv2%2Fmedia&parent=239"}],"curies":[{"name":"wp","href":"https:\/\/api.w.org\/{rel}","templated":true}]}}